igit of h(x)?
4
Suppose -2*y - 3*d = 3*y - 2249, 4*y - 1812 = 4*d. Let v = -291 + y. Suppose 0 = 4*p - 0*p - v. What is the tens digit of p?
4
Let b(l) = -l**2 + 19*l - 50. What is the units digit of b(12)?
4
Let c = 276 + 133. What is the tens digit of c?
0
Suppose 0*u = 3*u - 360. What is the tens digit of u?
2
Let s(p) = -p**2 + 41 - 2*p**2 + 6*p - 4*p. What is the units digit of s(0)?
1
Suppose -4*d - d = -365. Suppose d = 5*b - 72. What is the tens digit of b?
2
Suppose 0*x = -x + 11. Let p = x + 4. What is the units digit of p?
5
Let x(p) be the third derivative of p**5/60 - p**3/3 + 2*p**2. Let h be x(2). Let k(m) = 2*m**2 + m - 1. What is the units digit of k(h)?
9
Let y = 156 + -152. Suppose -4*v + 172 = y*p, 3*v = -4*p - 2*v + 176. What is the tens digit of p?
3
Let g = -12 - -19. Suppose 3*j + 4 = g*j. What is the units digit of -2 + (10/2 - j)?
2
Suppose -2*b - 4*b = -6. What is the tens digit of b + -2 + 0 - -67?
6
Suppose 3*s - 1 = 4*i + 1, -3*i = -5*s - 15. Let g = -1 - s. Suppose 5*z - g = 35. What is the units digit of z?
8
What is the thousands digit of (88/55)/4 + (-5748)/(-5)?
1
Let g(p) = 838*p**3 - 3*p**2 + 5*p - 3. What is the tens digit of g(1)?
3
Let p = -4 - -112. What is the hundreds digit of p?
1
Let f(u) = 7*u**2 + 6*u + 3. Let h(y) = -y**2 - y + 1. Let c(g) = f(g) + 6*h(g). What is the tens digit of c(8)?
7
Let d be 2/(-4 + (-27)/(-6)). Suppose -d*u = -11*u + 455. What is the units digit of u?
5
Let p(h) = -2*h**2 + 16*h - h**3 + 6 - 6*h + 5*h. Suppose 0 = -5*u + 2*a - 5*a - 45, 5*u = 2*a - 20. What is the tens digit of p(u)?
6
Let c(w) = w + 8. Let v be c(-3). Suppose 0 = -5*z + v*k, -5*k = -z + 5*z - 45. Suppose -205 = -z*o - 0*o. What is the units digit of o?
1
What is the units digit of (-1 + 131)/(14/35)?
5
Let q(l) = l + 10. Let b be q(-10). Suppose -2*c - 2*c + 8 = b. Suppose 0*k - 16 = -k - 3*x, c*k + 2*x = 48. What is the units digit of k?
8
Suppose 9*q + 732 = 15*q. Suppose 4*l + 18 = q. What is the tens digit of l?
2
Let b(i) = 22*i**2 - i. Let j(f) = -7 - f + 3 - 1. Let c be j(-4). What is the units digit of b(c)?
3
Suppose -5*b = 2*t + 9, 3*t + 1 = t + 3*b. Let m be 5 + t + -25 + -1. Let w = m - -44. What is the units digit of w?
1
Let k(m) = -9*m - 7 + 14*m + 12. What is the tens digit of k(8)?
4
Let j(q) be the second derivative of q**7/2520 + q**6/360 + q**5/5 - q**4/4 + 5*q. Let w(u) be the third derivative of j(u). What is the tens digit of w(0)?
2
Let x(d) = -d**3 + 3*d**2 + 1. Let m be x(3). Let u = m - 10. What is the tens digit of (-28)/(-126) - 133/u?
1
Suppose 12 = -3*g - 4*a, -15 = g + 8*a - 3*a. Suppose g = 6*n + n - 1435. What is the tens digit of n?
0
Let y = 44 - 44. Suppose 3*w + n = 4*w - 76, -w + 5*n + 56 = y. What is the units digit of w?
1
Let t = -392 + 2907. What is the hundreds digit of t?
5
Let q = -3 - -23. Let s = 178 - q. What is the hundreds digit of s?
1
Let v = -3 - -5. Suppose -5*y - 4*t + 227 + 13 = 0, -3*t = -v*y + 73. Let k = y + -22. What is the units digit of k?
2
Let y(j) = -j + 1. Let f(b) = -20*b + 44. Let r(i) = f(i) + 3*y(i). What is the units digit of r(-9)?
4
Let p = -14 + 18. Let v = 7 - p. Suppose -4 = -v*z - 1. What is the units digit of z?
1
Let w(b) = -3*b + 27. Let x be w(8). Suppose -x*k + 54 = -24. What is the tens digit of k?
2
Let z(o) = o**3 - 4*o**2 - o + 3. Suppose 5 = 3*i - 4. Let r be z(i). What is the tens digit of 1*6/r*-60?
4
Suppose -4*q = 5*k, -q + 2 = 3*k + q. What is the units digit of (k + -4)/1 + 8?
8
Let j = -15 + 1. Let s = 63 + j. What is the tens digit of s?
4
Let y be 7 - 3*8/12. Let v(j) = 1. Let h(t) = t - 5. Let o(z) = h(z) + 2*v(z). What is the units digit of o(y)?
2
Suppose b + b + 12 = 0. Suppose 0 = 5*r - 28 - 37. Let c = r - b. What is the units digit of c?
9
Suppose 1260 = -8*d + 7140. What is the hundreds digit of d?
7
Suppose -6*o - 195 = -o. Let n = 42 + o. What is the units digit of n?
3
Let t = 408 - -395. What is the tens digit of t?
0
Suppose 0*p = 2*p - 4. Suppose -2 = -p*r + 14. Suppose 0 = -4*s - r, -2*s = -5*i + 2*s + 33. What is the units digit of i?
5
Let n(s) = 2*s**2 - 14*s - 27. What is the units digit of n(21)?
1
Let y(k) = k**3 + 8*k**2 + 6*k - 1. Let o be y(-7). Let h(u) be the second derivative of 7*u**3/6 + 5*u**2/2 - 23*u. What is the tens digit of h(o)?
4
Let c = 12 - 7. Suppose -13 + c = -4*d. Let h = d + 1. What is the units digit of h?
3
Suppose -4 = -2*t - 2, -3*n + 11 = -t. Let j(y) be the third derivative of y**4/8 - y**3 + y**2. What is the units digit of j(n)?
6
Suppose -4*z = -4*k + 2 - 18, -2*k = -4*z + 20. Suppose -z*m + m + 6 = -o, m = 0. Let x(v) = v**2 + 5*v - 4. What is the units digit of x(o)?
2
Let k be -12*(1 - (-10)/(-6)). Suppose 12 = -k*f + 11*f. What is the tens digit of f/14 - (-164)/14?
1
Let o be 294/10 - 33/(-55). Let w(v) = v**3 + 3*v**2 - v - 3. Let i be w(-3). Suppose z - 3*z + o = i. What is the tens digit of z?
1
Let o(m) = m**3 - 11*m**2 + 9*m + 13. Let q be o(10). Suppose 4*n = -n - 2*w + 340, -3*w - 183 = -q*n. What is the tens digit of n?
6
Let t(g) = 5*g**2 + g + 1. Suppose 5*k + 5*p = 10, 3*k = -k + 4*p + 16. Suppose 3 + 3 = -k*l. What is the units digit of t(l)?
9
Let z = -17 - -30. Let w = 103 + -70. Let v = w + z. What is the units digit of v?
6
Let z = 924 - 52. What is the tens digit of z?
7
Let q = 0 + 0. Let o = 46 - 22. Suppose q = 2*f - 0*f - o. What is the tens digit of f?
1
What is the hundreds digit of ((-2224)/40)/((-3)/30) + 2?
5
Let c be 9/15 - (-2 - (-16)/10). What is the tens digit of c + 1/(2 - 201/102)?
3
Let t = -83 - -536. What is the units digit of t?
3
Let m(j) = -j**3 - 4*j**2 - 3*j - 2. Let w(o) = o**3 + o**2 + o - 1. Let l(y) = -m(y) - 3*w(y). What is the hundreds digit of l(-4)?
1
Let u(b) = b**2 - 9*b. Let j be u(13). Let g = j + -24. What is the tens digit of g?
2
What is the units digit of 4494/15 + (-3)/5 + 0?
9
Suppose -2*d = -3*v - 1355, -4*v + 1218 + 2227 = 5*d. What is the units digit of d?
5
Let l = -53 - -56. Suppose -4*s = l*s - 1029. What is the tens digit of s?
4
Suppose 0 = -5*d - 0*h - 4*h + 11, -4*d + 10 = 2*h. Suppose 4*j - 1 = 15, 179 = d*t - j. What is the tens digit of t?
6
Let f be 1/(-1 - 36/(-38)). Let n = 19 + f. Suppose -5*p - p + 186 = n. What is the tens digit of p?
3
Let w be (-138)/(-30) + 6/(-10). Let q be w - 4 - (2 + -6). Let p(v) = 2*v**2 - 2*v - 3. What is the tens digit of p(q)?
2
Suppose 3*s + 0*z + 2 = -2*z, -20 = -4*s + 3*z. Let w(d) = 9*d**2 - s + 7 + 5*d**3 - d - 4*d**3 + 4. What is the units digit of w(-9)?
8
Let m(w) = 29 + 4*w - 7*w**3 + 0*w + 17*w**2 - 6*w**2 + 6*w**3. What is the units digit of m(6)?
3
Let z = 1633 - 810. What is the tens digit of z?
2
Suppose 0 = -4*q + x + 152, 125 = 3*q + 2*x - 0*x. Let v = 62 - q. What is the tens digit of v?
2
What is the thousands digit of 6/(798/4716 - 4/24)?
2
Let h(n) = n**3 + 9*n**2 + 2*n + 19. Let m = 64 - 73. What is the units digit of h(m)?
1
Let s = 19 - 25. Let h be (-2 - -8)*(-4)/s. Suppose 2*d = -3*k + 39, -h*k - 5*d = -31 - 28. What is the units digit of k?
1
Let s(t) = 4*t - 4. Let a be s(2). Suppose 3*q + 0*l - 15 = l, 0 = a*l + 12. Suppose -4*y = -5*z - 133, q*y = 3*y + 5*z + 52. What is the units digit of y?
7
Suppose -5*h = -j - j + 4, 0 = -2*h + 5*j + 11. Let b be -1*(h + (-24)/(-3)). What is the tens digit of (-47 + 0)/(b + 5)?
4
Let t(a) = -14*a - 10*a + 2*a**2 + 23*a + 39. What is the units digit of t(0)?
9
Suppose -7*o + 3 = -4*o. Let l = o + -10. Let v(s) = -s - 1. What is the units digit of v(l)?
8
Let s(k) = k**3 - 9*k**2 - 3*k - 12. What is the tens digit of s(10)?
5
Suppose 0 = -7*d + 360 + 389. Let m = -2 + d. What is the tens digit of m?
0
Let a be (-2 + 3)/(2/8). Suppose 803 = a*r - 269. What is the tens digit of r?
6
Let v(z) = -812*z + 379. What is the tens digit of v(-4)?
2
Suppose 2*m + 4*o - 686 = 1218, -2*o = 3*m - 2864. What is the hundreds digit of m?
9
Let z(r) = -r**3 - r**2 - 13*r - 1. What is the hundreds digit of z(-6)?
2
Let u(d) = -d - 5. Let k be u(-3). Let m be (-15)/(-10) - (-3)/k. Suppose m = 2*j - 0*j - 34. What is the units digit of j?
7
Let f = 1293 - 425. Suppose f = 4*s + n, 3*n + 627 - 207 = 2*s. What is the tens digit of s?
1
Let i = 28 + -40. What is the units digit of 4/i + (-398)/(-6)?
6
L